 + 5*o - 45. Let y = 14 + v. Calculate the greatest common factor of y and j.
5
Suppose 3 - 19 = -4*d. Let y be (6 + 30)/(1/1). What is the greatest common factor of d and y?
4
Suppose -d = 3*d - 2*f - 4, -14 = -2*d - 5*f. Suppose 2*h + 20 = 4*s, -d*h - 3*h - 14 = -4*s. What is the greatest common factor of 24 and s?
6
Let q = 164 - -31. Suppose 0 = 3*u - q. Let j = -24 - -37. What is the greatest common divisor of j and u?
13
Suppose 3*o - 10 = 2*o. Let z = 8 + -12. Let t(a) = -11*a - 4. Let p be t(z). Calculate the highest common divisor of p and o.
10
Suppose -3*f + 3 = 3*t - 6*f, -5*t + f = -9. Suppose 7*k - 2*k = 30. Let q = 12 - k. What is the greatest common divisor of q and t?
2
Let p be (-3)/2*10/(-3). Suppose 4*g = 3*v - 17, -p*g - 4*v = -3 + 1. Let c = g - -8. What is the greatest common divisor of 12 and c?
6
Let o = 40 - -26. What is the greatest common factor of o and 99?
33
Let y(a) = a**2 - 8*a + 9. Let i be y(7). Let f = 165 + 252. Suppose -3*o + 618 = t, -t = 2*o - i*t - f. Calculate the highest common factor of 23 and o.
23
Let w = 8 - 1. Suppose 0 = 29*p - 33*p + 28. Calculate the highest common factor of w and p.
7
Let l(n) = n**3 - 7*n**2 + 2. Let s be (0 - -2) + -2 + 7. Let b be l(s). Suppose 23 = 2*x - 13. What is the highest common divisor of b and x?
2
Suppose 20 = 2*u - 22. Let x be 4/14 + 624/u. Suppose 3*t = -3, 5*r - 2*t - 32 = x. What is the highest common divisor of r and 8?
4
Let n = 48 - 12. Let y = 77 + 13. Calculate the highest common factor of n and y.
18
Let v = -7 - -7. Suppose -5*q + 165 + 260 = 5*x, v = x - 3*q - 73. Let l = -52 + x. What is the highest common factor of l and 75?
15
Suppose 3*v + 257 = 5*i, 2*i + i - 3*v - 153 = 0. Suppose -i = -2*p + 18. Suppose -3*f + 28 = f. Calculate the greatest common divisor of p and f.
7
Let g(s) = -9*s - 1. Let x be g(2). Let u = 33 + x. Calculate the greatest common factor of 126 and u.
14
Let d(t) = 9*t + 1. Let k(h) = 6*h**2. Let l be k(-1). Let b be d(l). What is the highest common factor of 5 and b?
5
Let v(u) = -4*u - 10. Let a be v(-10). Calculate the greatest common divisor of 135 and a.
15
Let g(u) = u**3 + 4*u**2 - 7. Let y be g(-3). What is the highest common divisor of 1 and y?
1
Suppose 3*p - 4*x = -3*x + 13, 2*p - 11 = 3*x. Let o = 1 + 3. Suppose -36 = z - 5*z - o*b, -4*z + 51 = -b. What is the highest common factor of p and z?
4
Let w = 12 + -2. Let r = w - 5. Suppose 4*y - 43 = -2*q + 5*q, r*y - 3*q - 56 = 0. Calculate the greatest common factor of 104 and y.
13
Suppose 0 = 5*g - 44 - 36. Let i(v) = 57*v**2 - 2*v. Let l be i(-2). Let m be 6/(-21) - l/(-28). Calculate the greatest common divisor of g and m.
8
Suppose -7*u = -4*u - 60. What is the highest common factor of 4 and u?
4
Let k be 340/7 - 30/(-70). Calculate the greatest common divisor of 7 and k.
7
Suppose -8*h + 169 = -31. Calculate the highest common divisor of h and 15.
5
Suppose 3*l - 1 = 5. What is the highest common factor of 22 and l?
2
Let q(r) = r**2 + r - 8. Let l be q(5). Calculate the highest common divisor of 2 and l.
2
Suppose 0 = -0*m - 2*m + 8. Suppose -o = m*o. Suppose -2*n + 60 + 0 = o. Calculate the greatest common divisor of 15 and n.
15
Suppose -3*h + 75 = 2*h. Let i = 3 - -2. What is the greatest common divisor of h and i?
5
Let z = -37 + 64. Let g(f) = -4*f**2 + 14*f + 11. Let p be g(4). Calculate the highest common divisor of p and z.
3
Suppose 3*n + 227 = 5*h + 61, -38 = -h - n. What is the highest common factor of h and 105?
35
Suppose 0 = m - 5*m + 396. Let o(s) = s + 9. Let d be o(0). Calculate the highest common factor of d and m.
9
Let x(a) = -a**3 + 9*a**2 - 11*a - 19. Let f be x(7). Suppose 6 = 3*o - 0*o. What is the greatest common factor of o and f?
2
Let m = 421 - 236. What is the highest common divisor of 37 and m?
37
Let x = 16 - 4. Calculate the greatest common factor of x and 12.
12
Suppose 0 = 3*g + 2*g - 80. What is the highest common factor of 112 and g?
16
Let n be 1521/(-26)*-1*2. Let f be 2 - 3 - (0 - 13). Suppose f = k - 1. Calculate the highest common divisor of n and k.
13
Suppose 0 = -2*f + 10, -k = f + 4*f - 28. Suppose 0 = -4*b + k*b + 12. Calculate the highest common divisor of b and 12.
12
Let f(v) = 0*v + 2*v + v**3 - 2*v - 2*v. Let b be f(3). What is the greatest common factor of 84 and b?
21
Let i be (-22)/(0/2 - 1). Suppose 40*s - 29*s = 605. What is the greatest common factor of i and s?
11
Let m = -68 + 122. What is the greatest common divisor of m and 36?
18
Suppose 2 = -3*y + 14. Let i(n) = 3*n**3 + n**2 + n - 1. Suppose -o - o + g = 0, 3*g - 5 = o. Let m be i(o). Calculate the highest common divisor of m and y.
4
Let g be 261/21 - (-8)/14. What is the highest common factor of 13 and g?
13
Let c(w) = w - 3. Let d be c(4). Let b be d/((-21)/(-9) - 2). Suppose r + 2*u = -b, r = -3*r - 2*u + 6. What is the greatest common factor of 27 and r?
3
Suppose -5*z = -3*a + 374, -2*z - 124 = 2*a - 3*a. What is the highest common factor of a and 8?
8
Suppose 5*c - 192 = -52. Let n = c + -13. What is the highest common factor of n and 105?
15
Let m(y) = -3*y**2 + 17*y - 8. Let u be m(5). Calculate the highest common divisor of u and 32.
2
Let b be (-1 - 0)*(-12 + (-4 - -2)). What is the highest common divisor of b and 42?
14
Suppose 0 = -3*u - 2*u + 125. Let j be 1/5 + 45/u. Suppose -j*n = 2*g + 3*n - 23, 4*g = -5*n + 31. Calculate the highest common factor of g and 36.
4
Suppose 5*w = 103 - 13. Let n = w + -13. Suppose 4*v - 4*x - 58 = 3*v, 0 = n*x - 10. What is the highest common divisor of 6 and v?
6
Let s(d) = -2*d + 7. Let j be s(4). Let b be (-4)/(-1)*(3 + j). Calculate the greatest common divisor of 2 and b.
2
Let f(t) = 4*t**2 - 5*t + 2. Let v be f(3). Calculate the highest common factor of v and 23.
23
Suppose -2*p = -0*p - 8, -4*p = 5*u - 576. What is the greatest common divisor of 14 and u?
14
Suppose -9*s = -11*s + 14. What is the greatest common factor of 63 and s?
7
Let t = 55 - -2. Calculate the highest common factor of 19 and t.
19
Let j be (-3)/(-5) - 9/15. Suppose 6*t - 3*t = j. Let r be (10/4 + t)*6. Calculate the greatest common divisor of 10 and r.
5
Let h be (-2 - -19) + (0 - 1). Suppose 0 = -4*n + 2 + 14. Suppose 0 = -2*u + 4*g + 24, -n*g = 2*u + g - 42. What is the highest common divisor of u and h?
16
Let x = -1 - -3. Suppose -x*s + 48 = 2*s. What is the highest common factor of 4 and s?
4
Let g = 29 - -6. Suppose g = -5*y - 335. Let c be y/(-6) + (-8)/(-12). What is the greatest common divisor of 13 and c?
13
Let i(y) = -y**3 + 3*y**2 + 2*y + 4. Let t be i(4). Let s be (-2)/8 + (-5)/t. Let v = -174 + 176. Calculate the greatest common divisor of v and s.
1
Let v = 106 - 62. Suppose -2 = -s + 9. Let o = s + v. Calculate the highest common factor of 22 and o.
11
Suppose -50 = -5*c - 5*m, 2*c = -0*m + 3*m. Suppose -c*j + j = -160. Let g = -1 - -9. What is the highest common divisor of g and j?
8
Let y(g) = g + 8. Let i be y(-5). Calculate the greatest common factor of 12 and i.
3
Suppose -16 - 32 = -6*r. Calculate the highest common factor of 8 and r.
8
Let q(p) = p**2 - 3*p - 10. Let u be q(6). Let c be 3*2*(-32)/(-6). Calculate the greatest common factor of u and c.
8
Suppose -i - 2*i = 90. Let v = i - -142. What is the highest common factor of v and 14?
14
Suppose -4*b + b = -9. Suppose 6 + 9 = 3*s - 3*f, f + 21 = b*s. What is the highest common divisor of s and 32?
8
Let z = 34 + -4. Calculate the highest common divisor of 20 and z.
10
Suppose 0 = -z - 0*z - 3*k - 2, z = -5*k - 8. Let y be ((-35)/z)/(1/(-2)). Calculate the highest common divisor of y and 30.
10
Suppose t + 3*t = -24. Let o(x) = x**2 + 6*x + 6. Let g be o(t). Suppose m + g = 2*m. What is the highest common factor of m and 2?
2
Let v be (-19)/(-4) + (-3)/4. Suppose -v*w = -0*w - 20. Suppose 4*m - 5*p - 260 = 0, -w*m + m = -p - 276. What is the greatest common factor of 10 and m?
10
Suppose -3*r + 15 = -4*p, -8 + 3 = -r - 2*p. Suppose r*m - 3 = c, c + c = -2*m + 6. What is the highest common divisor of c and 1?
1
Let c(a) = -11*a + 1. Let q be c(-1). Suppose -2*t + 6*t - 4*d - 372 = 0, -3*d + 9 = 0. Calculate the highest common divisor of t and q.
12
Suppose -3*z + 16 = z + 2*m, 5*z - 3*m = -2. Suppose z*g = 4, -n - 2*g + 6 = -4*g. Let p = 207 